{"id":63,"date":"2019-02-20T15:15:18","date_gmt":"2019-02-20T14:15:18","guid":{"rendered":"https:\/\/soziales-rheinfelden.de\/?page_id=63"},"modified":"2019-03-25T22:35:50","modified_gmt":"2019-03-25T21:35:50","slug":"joerg-uwe-sanio","status":"publish","type":"page","link":"https:\/\/soziales-rheinfelden.de\/index.php\/die-kandidaten\/joerg-uwe-sanio\/","title":{"rendered":"Joerg-Uwe Sanio"},"content":{"rendered":"\r\n<div class=\"wp-block-image\">\r\n<figure class=\"alignleft\"><img loading=\"lazy\" decoding=\"async\" class=\"alignnone size-medium wp-image-99\" src=\"https:\/\/soziales-rheinfelden.de\/wp-content\/uploads\/2019\/03\/J\u00f6rg-Uwe-Sanio-2-213x300.jpg\" alt=\"\" width=\"213\" height=\"300\" srcset=\"https:\/\/soziales-rheinfelden.de\/wp-content\/uploads\/2019\/03\/J\u00f6rg-Uwe-Sanio-2-213x300.jpg 213w, https:\/\/soziales-rheinfelden.de\/wp-content\/uploads\/2019\/03\/J\u00f6rg-Uwe-Sanio-2-768x1083.jpg 768w, https:\/\/soziales-rheinfelden.de\/wp-content\/uploads\/2019\/03\/J\u00f6rg-Uwe-Sanio-2-726x1024.jpg 726w\" sizes=\"auto, (max-width: 213px) 100vw, 213px\" \/><\/figure>\r\n<\/div>\r\n\r\n\r\n\r\n<p>Geboren am 14. Dezember 1955 in Freiburg, selbst\u00e4ndiger Kaufmann Volksschule in Schopfheim, Wirtschaftsgymnasium und Abitur in L\u00f6rrach, Studium der Volkswirtschaftslehre und Jura an der Universit\u00e4t Freiburg<\/p>\r\n<p>1974-84 Mitglied der jungen Union, 1980-86 Mitglied der CDU, 1985-88 Mitglied im Stadtjugendring Schopfheim, 1986-88 Mitglied im Kreisjugendring des Landkreises L\u00f6rrach, seit dem 1.6. 2005 Mitglied der WASG ,seit 16.7.2007 Mitglied DIE LINKE <strong>Meine politischen Schwerpunkte:<\/strong><\/p>\r\n<ul>\r\n<li>Mieten\/Wohnen \u2013 preiswerte Wohnungen f\u00fcr Familien mit Kindern \u2013 Eingriff \u00fcber das BauGB in die Bauleitplanung \u2013 Entwicklungsgebiete zu k\u00fcnftigen Bebauungspl\u00e4nen \u2013 keine Verschleuderung st\u00e4dtischen Grund und Bodens an teure Spekulationen \u2013 Gesetzliche Enteignung bei spekulativem Wohnungsleerstand und brachliegenden Wohnbaugrundst\u00fccken \u2013 Konsequente Anwendung der Mietpreisbremse<\/li>\r\n<li>Ansiedlung neuen produzierenden Gewerbes \u2013 Erhalt bestehender Gewerbe \u2013 Vorsicht bei sogenannten Dienstleistern<\/li>\r\n<li>\u00d6PNV \u2013 Ausbau zweigleisig und elektrifiziert, Ausweichgleise auch f\u00fcr l\u00e4ngere Zu-geinheiten, Halbstundentakt<\/li>\r\n<li>Schulentwicklung \u2013 Zustand von Geb\u00e4uden (hier: sanit\u00e4re Einrichtungen)<\/li>\r\n<li>Gesundheitsversorgung (Stichwort: Zentralklinikum) im bestehenden Klinikum in Rheinfelden: F\u00f6rderung eines \u00c4rztezentrums\/\u00c4rztehauses mit Belegzimmern \u2013 Neuschaffung einer geriatrischen Abteilung f\u00fcr die unmittelbare Raumschaft<\/li>\r\n<li>Umwelt\/Land- &amp; Forstwirtschaft (Einsatz von Pestiziden, Neonikotinoiden und Glyphosat) \u2013 kein Anbau gentechnisch ver\u00e4nderter Organismen oder deren Freisetzung auf st\u00e4dtischen Grundst\u00fccken oder zur Pacht\/Miete an andere Nutzer<\/li>\r\n<li>Der Rheinsteg \u2013 St\u00e4dtebauliche Bereicherung oder kommender Albtraum in Ver-schuldung abseits aller Planvorstellungen<\/li>\r\n<li>Bahnhof (Bahnhofsgeb\u00e4ude, Bahnsteige, beide Unterf\u00fchrungen) \u2013 keine Visitenkarte unserer Stadt<\/li>\r\n<li>Unsere Infrastruktur \u2013 kein Ruhmesblatt hinter Epigonen<\/li>\r\n<li>Jugendbeteiligung \u2013 wir h\u00e4tten da einige Fragen<\/li>\r\n<\/ul>","protected":false},"excerpt":{"rendered":"<p>Geboren am 14. Dezember 1955 in Freiburg, selbst\u00e4ndiger Kaufmann Volksschule in Schopfheim, Wirtschaftsgymnasium und Abitur in L\u00f6rrach, Studium der Volkswirtschaftslehre und Jura an der Universit\u00e4t Freiburg 1974-84 Mitglied der jungen Union, 1980-86 Mitglied der CDU, 1985-88 Mitglied im Stadtjugendring Schopfheim, 1986-88 Mitglied im Kreisjugendring des Landkreises L\u00f6rrach, seit dem 1.6. 2005 Mitglied der WASG ,seit &hellip; <\/p>\n<p class=\"link-more\"><a href=\"https:\/\/soziales-rheinfelden.de\/index.php\/die-kandidaten\/joerg-uwe-sanio\/\" class=\"more-link\"><span class=\"screen-reader-text\">\u201eJoerg-Uwe Sanio\u201c<\/span> weiterlesen<\/a><\/p>\n","protected":false},"author":1,"featured_media":0,"parent":2,"menu_order":1,"comment_status":"closed","ping_status":"closed","template":"","meta":{"footnotes":""},"class_list":["post-63","page","type-page","status-publish","hentry"],"_links":{"self":[{"href":"https:\/\/soziales-rheinfelden.de\/index.php\/wp-json\/wp\/v2\/pages\/63","targetHints":{"allow":["GET"]}}],"collection":[{"href":"https:\/\/soziales-rheinfelden.de\/index.php\/wp-json\/wp\/v2\/pages"}],"about":[{"href":"https:\/\/soziales-rheinfelden.de\/index.php\/wp-json\/wp\/v2\/types\/page"}],"author":[{"embeddable":true,"href":"https:\/\/soziales-rheinfelden.de\/index.php\/wp-json\/wp\/v2\/users\/1"}],"replies":[{"embeddable":true,"href":"https:\/\/soziales-rheinfelden.de\/index.php\/wp-json\/wp\/v2\/comments?post=63"}],"version-history":[{"count":4,"href":"https:\/\/soziales-rheinfelden.de\/index.php\/wp-json\/wp\/v2\/pages\/63\/revisions"}],"predecessor-version":[{"id":100,"href":"https:\/\/soziales-rheinfelden.de\/index.php\/wp-json\/wp\/v2\/pages\/63\/revisions\/100"}],"up":[{"embeddable":true,"href":"https:\/\/soziales-rheinfelden.de\/index.php\/wp-json\/wp\/v2\/pages\/2"}],"wp:attachment":[{"href":"https:\/\/soziales-rheinfelden.de\/index.php\/wp-json\/wp\/v2\/media?parent=63"}],"curies":[{"name":"wp","href":"https:\/\/api.w.org\/{rel}","templated":true}]}}